 - 1. Let x be w(-1). Let f = x + 395. Is f prime?
True
Let t be (-2)/1 - 25/(-5). Let y be 73 + (-3)/t + -1. Let d = 108 - y. Is d prime?
True
Let a(h) be the third derivative of h**8/2240 + h**7/1260 + h**5/20 + 3*h**2. Let m(f) be the third derivative of a(f). Is m(-3) a prime number?
False
Suppose 2*j + 1747 = 3*z, -3*z - 2*j = 2*z - 2901. Is z composite?
True
Let u = -284 + 451. Is u prime?
True
Let s = -6 - -163. Is s a prime number?
True
Suppose 0*g = -g - 3*f + 2, f + 21 = 4*g. Let o(y) = 39*y + 7. Is o(g) prime?
False
Suppose -3*g = -1360 + 223. Is g prime?
True
Suppose 45 = 4*m - 251. Suppose 3*u - 935 + m = 0. Let w = -160 + u. Is w a composite number?
False
Let t = -4 + 4. Suppose -2*i - 3*u = -5*i + 3, t = -i - 2*u + 7. Is i composite?
False
Suppose -2*m + 4*m = 1298. Suppose 5*q - m = 666. Is q a prime number?
True
Suppose b - 492 = 293. Is b prime?
False
Suppose 0 = -0*q - 4*q - 16. Let m be ((-2)/q)/((-2)/(-44)). Let c = m - -56. Is c prime?
True
Let b(c) = -c**3 - 11*c**2 + 6*c - 7. Is b(-12) prime?
False
Let q = -6 + 8. Suppose -q*b + 1182 = 4*g, 3*g - 5*b - 143 = 711. Is g a composite number?
False
Suppose t = -2*i + 260 + 841, 4*t - 4*i - 4416 = 0. Is t a composite number?
False
Let g(o) be the second derivative of -5*o**3/3 + 5*o**2/2 - o. Is g(-11) a composite number?
True
Let v be (-303)/(-6) - 1/(-2). Suppose 2*t + 3*q - v = 550, 4*t - 1167 = q. Is t composite?
False
Suppose j - 237 = -0*j. Suppose j = 2*k + k. Is k a composite number?
False
Let b = -6 + -9. Is (b/12)/(2/(-88)) a prime number?
False
Suppose 6*a - a - 25 = 0. Let z(t) = 21 + 5*t - 28 + 0*t + 3*t. Is z(a) composite?
True
Let q(k) = -k**2 - 13*k - 12. Let n be q(-12). Let x(l) = -l**2 + l + 291. Is x(n) composite?
True
Let n(i) = 3*i + 9. Let o be n(4). Let y = 78 - o. Is y a composite number?
True
Suppose -2*u = a + 60 + 12, 2*u + 64 = a. Suppose -3*s = 0, -4*m - 2*s + 220 = -3*s. Let n = u + m. Is n prime?
False
Suppose -3*b - 588 = -3*s, s + s + 4*b = 410. Is s a prime number?
True
Suppose 848 = 7*q - 510. Is q prime?
False
Let n(k) = k + 15. Let h be n(0). Suppose 0 = 2*j + 2, a = 5*j + 13 + h. Let d = -4 + a. Is d prime?
True
Let u = -3 + 3. Suppose u = -3*d + 4*d - 43. Is d composite?
False
Let i = 4 + 3. Let c be 0 + 2 + 0/i. Suppose s + 2*s = -j + 36, c*j = s + 107. Is j prime?
False
Suppose y = -3 + 1. Is 2 + (308/(-2))/y a composite number?
False
Let p = -61 + 96. Is p a prime number?
False
Suppose -39*r = -40*r + 215. Is r composite?
True
Suppose 0 = 8*v - 3957 - 8515. Is v prime?
True
Let c(l) = l**3 - 5*l**2 + 3*l - 7. Let y be (-1)/2*-4*3. Suppose y - 24 = -3*j. Is c(j) prime?
True
Suppose -1 = 5*i + 4. Let w be i*(-109 + 2 + -2). Suppose -3*z + 2*c + w = -2*z, -5*c - 570 = -5*z. Is z a prime number?
False
Let n be 18 + (-2*1)/2. Suppose -x + 412 = -n. Let c = x + -172. Is c composite?
False
Is ((-901)/4)/((-1)/8) + -1 composite?
False
Let i = 587 + -325. Is i a prime number?
False
Let f = -109 + 854. Is f prime?
False
Suppose 11 = -4*f + 27. Suppose 0 = -3*i - i - f. Is 1 + (i - -2) + 17 a prime number?
True
Let p(f) = 0 - 1 + 28*f - 80*f + 0. Is p(-2) a prime number?
True
Let v(s) = -3*s**3 - 8*s**2 + 6*s + 7. Is v(-6) prime?
True
Is (-5)/(15/237)*-1 a prime number?
True
Suppose -u = 3*u - 20. Suppose -u*s = -3*f - 20, 5*s - 4*f = 4*s + 4. Let v = s + 15. Is v prime?
True
Let p(r) = r**2 - r + 2. Let w(f) = f - 1. Let k be w(6). Is p(k) composite?
True
Is (-1)/(730/366 - (-6 + 8)) prime?
False
Let d = -43 - -206. Is d prime?
True
Suppose 5*c + 1 = 11. Suppose -q = c*q + 69. Is (2 + -3 - q) + 1 prime?
True
Let b(r) = -6*r**3 + 3*r**2 + r + 1. Is b(-5) a prime number?
True
Is 24/36 - -991*2/6 prime?
True
Let k(m) = -m**2 - 19*m**3 + 9 - m**2 - 8 - 20*m**3. Is k(-1) a prime number?
False
Let z(g) = 6*g**3 - 2*g**2 + 3*g + 9. Is z(4) a composite number?
False
Let l(h) = -7*h**3 - 6*h**2 + 7. Is l(-4) a composite number?
False
Is 8/20 + 18678/30 a composite number?
True
Is (17/(-2) - -2)*-2 prime?
True
Let q be (-2)/(-2) - (-1 - 0). Let u(k) be the second derivative of k**5/20 - k**4/12 + k**3/3 - k**2/2 - 4*k. Is u(q) prime?
True
Suppose -3*p - z + 16 = -6*z, -2*p - 3*z - 2 = 0. Let i(l) = -l - 1 + 2 - p. Is i(-8) a composite number?
False
Let z be 4 + 2 + (-1)/1. Suppose z*b = 5*p - 1435, 2*p - 2*b - 576 = -b. Is p a composite number?
True
Suppose -11 = 4*v - 3. Is (0 - v)*(-476)/(-8) a prime number?
False
Suppose k + 3*i - 28 - 89 = 0, 0 = 4*i + 8. Is k composite?
True
Let t(b) = -3*b - 4. Let m be t(-4). Let l = 60 + m. Suppose -15 = -s + l. Is s a composite number?
False
Let x = -4 + 3. Let j(f) = -f**3 + f. Let y(s) = 82*s**3 + s**2 - 3*s + 1. Let i(b) = -5*j(b) - y(b). Is i(x) a composite number?
True
Suppose 7*p - 15 = 4*p + 2*w, 5*p - 5*w - 25 = 0. Suppose -p*b + 34 = -196. Suppose -b = -2*i - 0*i. Is i a prime number?
True
Suppose -w = 4*u - 23, w = -w - 4*u + 62. Is w a composite number?
True
Suppose -12*u + 17*u - 3715 = 0. Is u a prime number?
True
Suppose s = 1 + 1. Suppose s*x - 315 = 3*o, 94 + 91 = x + 4*o. Suppose -4*d + x = -d. Is d composite?
True
Let w(o) = 4*o**2 - 5*o + 3. Let u(y) = 12*y**2 - 14*y + 9. Let a(d) = 6*u(d) - 17*w(d). Let v be a(5). Is (-1)/(1 + v/(-105)) a composite number?
True
Let s(k) = -61*k**3 + k**2 - 1. Let r(a) = -a**3 - a**2 + 1. Let z be r(0). Let l be s(z). Let y = l + 94. Is y a prime number?
False
Suppose 0 = -2*h + 666 + 148. Is h a composite number?
True
Let b = 21 - 17. Suppose -2*c + 3*t + 65 = 0, -b*c + 4*t + 133 = -t. Is c composite?
False
Let j(r) = r**3 + 9*r**2 - 2*r - 11. Is j(6) prime?
False
Let z = -559 - -1212. Suppose 2*u = -d + 257, 2*u - z - 640 = -5*d. Is d a composite number?
True
Let q = 3 + 1. Suppose -z - 2*z + 485 = -q*y, 4*z + 5*y - 595 = 0. Is z/2 + (-5)/10 a composite number?
True
Let j be -4 + 234/(-4 - -7). Suppose 4*c = -9*k + 4*k + 185, -2*k + j = -3*c. Is k prime?
True
Is 2/8 - (-2294)/8 prime?
False
Suppose 0 = 4*v - 0*v - 8. Suppose 4*h - 4*a = h + 791, -550 = -v*h - 3*a. Is h a composite number?
False
Let q = -95 + 178. Is q a composite number?
False
Let z(q) = -q**2 - 14*q - 17. Let b be z(-12). Suppose 4*r - 179 = -b. Is r a prime number?
True
Suppose -j = z - 213, 5*j = -2 + 22. Is z prime?
False
Is (-29937)/(-27) + 10/45 a composite number?
False
Let n = -21 - -21. Suppose n = -k + j - 96 + 327, 5*k + 5*j - 1175 = 0. Is k a composite number?
False
Suppose 5*j = 7*j. Let u(r) = 4*r - 14*r + j + 1. Is u(-2) prime?
False
Let r = -6 + 5. Let p be (0/(-1))/(1/r). Suppose -f - 2 + 25 = p. Is f a prime number?
True
Let f(u) = -3*u**3 - u**2 + 4*u + 3. Suppose 0 = 5*m + 5 + 5. Is f(m) composite?
True
Suppose 7*q - 2131 = -2*u + 4*q, -5332 = -5*u - 3*q. Is u a composite number?
True
Let v(p) = 2*p + p**2 - 6*p**2 + 6*p**2. Suppose 0 = 2*g - 0*g - 6. Is v(g) a prime number?
False
Let q = 607 - -507. Is q composite?
True
Let a(f) be the third derivative of -f**5/60 - 7*f**4/24 - 4*f**3/3 + 2*f**2. Let i be a(-6). Is 1/i - 195/(-10) a composite number?
False
Suppose 6*w = 3*w - 3. Is -1 + ((-165)/(-3) - w) composite?
True
Suppose -42 = -7*g + 4*g. Is 4/g - 1080/(-42) a composite number?
True
Let l(z) = -57*z. Let q be l(1). Let m = -38 - q. Is m composite?
False
Let l(j) = 3760*j**2 + 1. Is l(-1) a prime number?
True
Suppose -10*l = -9*l - 145. Is l composite?
True
Let z(q) = q**2 + 3*q + 1. Let a be z(-4). Suppose -a*c - 332 = -3*t, -5*t + 501 = -t + 5*c. Let g = t + 26. Is g a composite number?
True
Let f = 1312 + -834. Is f prime?
False
Let d = 3286 - 1727. Is d a prime number?
True
Suppose -3*n = n - 332. Is n a prime number?
True
Let t be ((-4)/(-6))/(4/66). Suppose 0 = 4*y - t - 81. Is y composite?
False
Suppose -j - 2*s + 23 = 0, -j = 3*j + 5*s - 77. Is j a composite number?
False
Let t(i) = -72*i**3 + i**2 + 1. Let h(x) = -143*x**3 + x**2 + x + 1. Let o(n) = 2*h(n) - 5*t(n). Is o(2) composite?
True
Let s be (-20)/(-6) + 6/9. Suppose -4*y = y. Suppose -3*k + 59 + s = y. Is k a prime number?
False
Let g(r) = r - 1. Let m be g(4). Suppose -1 = -2*f + m. Suppose f*i + h = -4*h + 125, 3*i + h - 168 = 0. Is i composite?
True
Suppose -3*b + 0*r + r = -1069, 343 = b - 3*r. Suppose -2*z = -0*z - b. Is z a composite number?
False
Let q(j) = -j**3 - 6*j**2 - 5*j + 2. Le